0100110010100?
10011100100010101111
In base 2, what is 1000110001011010000 - 101101?
1000110001010100011
In base 3, what is -111122101022 - 220111?
-111200021210
In base 15, what is 24c - 3544b?
-351ee
In base 14, what is -5 - -284?
27d
In base 13, what is -71019b6 - -6?
-71019b0
In base 16, what is -14b86b + 4?
-14b867
In base 13, what is 1a2 + -95b?
-789
In base 8, what is -16614 + 77536?
60722
In base 2, what is -1111110000 + 10001011001110101?
10001001010000101
In base 5, what is -11213302011 - -1?
-11213302010
In base 16, what is 39 - -16d350b?
16d3544
In base 4, what is -103311002 + -32?
-103311100
In base 15, what is 1e6663 + b8?
1e672b
In base 11, what is 1a823 + -19a?
1a634
In base 10, what is -7 - 787967?
-787974
In base 16, what is 35c - -7a9c8?
7ad24
In base 15, what is -191d - d02d?
-e94b
In base 3, what is -21002211121002 + -22?
-21002211121101
In base 10, what is -253946 + -1044?
-254990
In base 12, what is -14 - 15974?
-15988
In base 6, what is 540302 + 13314?
554020
In base 3, what is 1122210212 - -2011100?
1201222012
In base 15, what is 1e - -1859e3?
185a12
In base 6, what is -3 - -11013051215?
11013051212
In base 13, what is 2c37 + 2839?
5773
In base 15, what is -2dd4e - -2a0?
-2da9e
In base 12, what is -31a0025 - 3b?
-31a0064
In base 12, what is 12305a2a - -11?
12305a3b
In base 13, what is -77bb965 + -2?
-77bb967
In base 15, what is 15bd12 - 1c?
15bce5
In base 4, what is 230003211 - -1131?
230011002
In base 8, what is 227 + 302436?
302665
In base 6, what is 2 - 152105244?
-152105242
In base 6, what is 124025 + -2153?
121432
In base 10, what is -387498 + 526?
-386972
In base 8, what is -13703762 + 644?
-13703116
In base 11, what is 18247715 - 2?
18247713
In base 12, what is 8 - -806696?
8066a2
In base 7, what is -5240530 + -15?
-5240545
In base 11, what is -a470 + -2120a?
-3067a
In base 6, what is 1231254 + -114?
1231140
In base 3, what is 10200012001120 - -221?
10200012002111
In base 10, what is 11972 + 13053?
25025
In base 14, what is -8dac3 + 5?
-8dabc
In base 2, what is 100101101101001 + 100000101011011?
1000110011000100
In base 5, what is -10 - 13434303430?
-13434303440
In base 16, what is 4 + 60adea2?
60adea6
In base 13, what is -6 + -10044b4?
-10044ba
In base 11, what is 2 + 400823?
400825
In base 5, what is -11 - 2012120321?
-2012120332
In base 16, what is -3 - 646240?
-646243
In base 16, what is -4 + -10c30a6?
-10c30aa
In base 15, what is -5 + -c114d?
-c1153
In base 5, what is -2114110003 - 3?
-2114110011
In base 3, what is 1200002121001 + 21020?
1200002212021
In base 14, what is -1b - 1804730?
-180474b
In base 5, what is -332012 - 2300?
-334312
In base 6, what is 554255043 - -2?
554255045
In base 9, what is -1 + 2528733?
2528732
In base 16, what is -1b + a6fb14?
a6faf9
In base 8, what is -322125 + -7373?
-331520
In base 13, what is a2604 + 34?
a2638
In base 5, what is -1141 - 12001134?
-12002330
In base 3, what is -21111021 + 102122000?
11010202
In base 9, what is 5 - 13232024?
-13232018
In base 9, what is -10631523 - -5?
-10631517
In base 16, what is -a - 15a67b?
-15a685
In base 8, what is -1521055 + 11?
-1521044
In base 4, what is -233231331232 + 10?
-233231331222
In base 8, what is -1450105 - 2647?
-1452754
In base 5, what is -212431331 - 242?
-212432123
In base 9, what is 350 - 87040?
-86580
In base 16, what is -c0467c5a + -1?
-c0467c5b
In base 4, what is 133230033313 + -130?
133230033123
In base 10, what is 4 - 1141093?
-1141089
In base 6, what is 4 - 233554454?
-233554450
In base 3, what is 10012211 - 2002000221?
-1221211010
In base 16, what is 2daa1 - 2f8?
2d7a9
In base 9, what is -2 - -8355154?
8355152
In base 10, what is -436 - -599484?
599048
In base 14, what is 223c17db + -4?
223c17d7
In base 11, what is 7150954 + -15?
715093a
In base 11, what is -169a11a3 - -1?
-169a11a2
In base 12, what is a6899 + 153?
a6a30
In base 9, what is -426 - -102056?
101530
In base 7, what is -1243245 - 10205?
-1253453
In base 11, what is 25237a - -63?
252432
In base 7, what is -613 + 1543012?
1542066
In base 11, what is -5300477 - -5?
-5300472
In base 10, what is 0 - -179497452?
179497452
In base 3, what is 1022022020 - 112000201?
210021112
In base 5, what is 22202 - 2413?
14234
In base 2, what is 110100 + -1101010001111100?
-1101010001001000
In base 2, what is 101010100111100011001011 + 101110?
101010100111100011111001
In base 9, what is -617737 - 4?
-617742
In base 13, what is -27 + -706937?
-706961
In base 11, what is 165 - 35300?
-35146
In base 13, what is -1a4 - -79b?
5c7
In base 12, what is -26748 + 1331?
-25417
In base 12, what is 749ab69 + -4?
749ab65
In base 6, what is 15535 - 531?
15004
In base 3, what is -10110101110 + 10020?
-10110021020
In base 2, what is 1101011 - -1010111110010011?
1010111111111110
In base 11, what is 6112 + 3310?
9422
In base 5, what is 32444400 + -12?
32444333
In base 15, what is -3 + 42659?
42656
In base 5, what is -21040 - 231304?
-302344
In base 12, what is 17685390 + 9?
17685399
In base 3, what is -111121102011012211 + -2?
-111121102011012220
In base 5, what is 1 + -133031122100?
-133031122044
In base 5, what is -204104 + -24244?
-233403
In base 6, what is 4 + 123454?
123502
In base 12, what is 8a8707 + 2?
8a8709
In base 11, what is 5 + 1127205?
112720a
In base 13, what is -892bb1 + 68?
-892b46
In base 11, what is -3991 - -1618?
-2374
In base 10, what is 3 + 1423019?
1423022
In base 8, what is 10 - 133344020?
-133344010
In base 4, what is -12301 + -1020002011?
-1020020312
In base 10, what is -4026 + 968?
-3058
In base 9, what is 228130 - 1356?
226663
In base 11, what is 34a576aa2 - -3?
34a576aa5
In base 2, what is 111110001110100010 + -1000011010101?
111101001011001101
In base 6, what is 2 + 343044503?
343044505
In base 12, what is 1969769 + -1?
1969768
In base 5, what is 23 - -412131142?
412131220
In base 9, what is 4711868740 + -3?
4711868736
In base 11, what is -716892 - 43?
-716925
In base 2, what is -101110101100 + -111010?
-101111100110
In base 16, what is -b91b3b + -8?
-b91b43
In base 15, what is 28 + c70a71?
c70a99
In base 4, what is -32 + 1021231032?
1021231000
In base 6, what is 53203 + -5415?
43344
In base 4, what is -2 + -3131030331?
-3131030333
In base 12, what is -145375 + -59?
-145412
In base 3, what is 10 + -1011222112212?
-1011222112202
In base 5, what is 33013 + -132402?
-44334
In base 15, what is 5bd094dd - -4?
5bd094e2
In base 2, what is 101110101010100000010011000 + 100?
101110101010100000010011100
In base 10, what is 53294054 - -4?
53294058
In base 10, what is -1320675968 - 0?
-1320675968
In base 14, what is -3 - 10b4a08?
-10b4a0b
In base 6, what is 4003521 + -135?
4003342
In base 16, what is -a095a8 - -f?
-a09599
In base 15, what is -4e3149 - 6?
-4e3150
In base 14, what is -72 + 31d59?
31cc7
In base 2, what is -101 - -11000101011011001110101?
11000101011011001110000
In base 7, what is 106251 + 43066?
152350
In base 9, what is 5341 + -3216?
2124
In base 9, what is -4721751353 + -1?
-4721751354
In base 14, what is 1218589 + 14?
121859d
In base 16, what is -36314 - d?
-36321
In base 3, what is -11222012002021 - 222?
-11222012010020
In base 2, what is 10 + 1101011010000111011?
1101011010000111101
In base 2, what is -10111101111010101 + 100001011110?
-10111001101110111
In base 7, what is 5136016165 + -6?
5136016156
In base 5, what is 10121 + -44442?
-34321
In base 6, what is 3 + 51512425?
51512432
In base 3, what is -201201022200 - 22010?
-201201121210
In base 7, what is 112230 - 145346?
-33116
In base 11, what is 2 - 189590a?
-1895908
In base 15, what is -2323ae - -48?
-232366
In base 9, what is 4 + 4777731?
4777735
In base 9, what is 210044051 - -8?
210044060
In base 12, what is 52274329 + 2?
5227432b
In base 6, what is -14121 - 214054?
-232215
In base 11, what is a05927 + 23?
a0594a
In base 3, what is 21101 + 11111210101?
11112001202
In base 15, what is -a807db3 - -3?
-a807db0
In base 15, what is 0 - 204377?
-204377
In base 14, what is 132 - -7dda8?
800da
In base 12, what is 7 - 320353?
-320348
In base 15, what is -3b6 - -14206?
13d40
In base 9, what is 34 + 58438?
58473
In base 10, what is -1 + 372575?
372574
In base 7, what is 322456322 + 4?
322456326
In base 11, what is -176 - -12529?
12363
In base 2, what is 100001011100011001101 - -111111110?
100001011101011